e prime factors of 110102.
2, 55051
List the prime factors of 1947758.
2, 17, 57287
What are the prime factors of 736347?
3, 103, 2383
List the prime factors of 2466136.
2, 43, 67, 107
What are the prime factors of 240842?
2, 7, 17203
List the prime factors of 50429.
211, 239
What are the prime factors of 3297863?
547, 6029
List the prime factors of 17036890.
2, 5, 13, 17, 593
What are the prime factors of 1675634?
2, 837817
List the prime factors of 16057079.
16057079
List the prime factors of 3876535.
5, 13, 23, 2593
What are the prime factors of 1548359?
1548359
List the prime factors of 213074.
2, 106537
What are the prime factors of 268554?
2, 3, 11, 13, 313
What are the prime factors of 909991?
29, 31379
What are the prime factors of 1497766?
2, 748883
List the prime factors of 373319.
577, 647
List the prime factors of 141913.
191, 743
List the prime factors of 2226282.
2, 3, 43, 8629
What are the prime factors of 894617?
59, 257
List the prime factors of 6523785.
3, 5, 144973
What are the prime factors of 10115656?
2, 173, 7309
List the prime factors of 483210.
2, 3, 5, 7, 13, 59
What are the prime factors of 165474?
2, 3, 29, 317
List the prime factors of 7797744.
2, 3, 54151
List the prime factors of 6038665.
5, 83, 14551
What are the prime factors of 2215134?
2, 3, 17, 19, 127
What are the prime factors of 9266669?
251, 36919
What are the prime factors of 6116528?
2, 11, 23, 1511
List the prime factors of 208039.
13, 1231
List the prime factors of 3902094.
2, 3, 7, 31, 37
List the prime factors of 100127.
223, 449
What are the prime factors of 211536?
2, 3, 13, 113
What are the prime factors of 4642508?
2, 13, 73, 1223
List the prime factors of 167650.
2, 5, 7, 479
What are the prime factors of 281609?
281609
List the prime factors of 20122178.
2, 19, 529531
List the prime factors of 4353837.
3, 257, 5647
What are the prime factors of 27024424?
2, 7, 17, 28387
List the prime factors of 6214159.
7, 19, 46723
What are the prime factors of 46935?
3, 5, 7, 149
What are the prime factors of 1328258?
2, 29, 22901
What are the prime factors of 28334?
2, 31, 457
What are the prime factors of 479028?
2, 3, 11, 19, 191
List the prime factors of 227819.
31, 7349
List the prime factors of 236721.
3, 19, 4153
List the prime factors of 276248.
2, 7, 4933
List the prime factors of 5535.
3, 5, 41
List the prime factors of 39882.
2, 3, 17, 23
List the prime factors of 147666.
2, 3, 24611
List the prime factors of 2376019.
241, 9859
What are the prime factors of 12957024?
2, 3, 139, 971
List the prime factors of 279868.
2, 31, 37, 61
List the prime factors of 17329681.
17, 101, 10093
List the prime factors of 147632.
2, 9227
List the prime factors of 167235.
3, 5, 11149
What are the prime factors of 19611360?
2, 3, 5, 13619
List the prime factors of 1605408.
2, 3, 7, 2389
List the prime factors of 813214.
2, 281, 1447
List the prime factors of 631729.
7, 90247
What are the prime factors of 327320?
2, 5, 7, 167
List the prime factors of 285422.
2, 142711
List the prime factors of 343874.
2, 171937
What are the prime factors of 137412?
2, 3, 11, 347
What are the prime factors of 189690?
2, 3, 5, 6323
What are the prime factors of 1382127?
3, 460709
What are the prime factors of 659315?
5, 29, 4547
What are the prime factors of 10981495?
5, 7, 211, 1487
What are the prime factors of 5451?
3, 23, 79
List the prime factors of 18684506.
2, 31, 301363
What are the prime factors of 1808624?
2, 113039
What are the prime factors of 84794?
2, 42397
List the prime factors of 474782.
2, 7, 11, 3083
List the prime factors of 815964.
2, 3, 97, 701
What are the prime factors of 216787?
216787
List the prime factors of 50781.
3, 16927
List the prime factors of 12208.
2, 7, 109
What are the prime factors of 10444600?
2, 5, 52223
What are the prime factors of 94968?
2, 3, 1319
List the prime factors of 78861.
3, 97, 271
List the prime factors of 6524527.
67, 97381
List the prime factors of 2625097.
19, 138163
List the prime factors of 347484.
2, 3, 23, 1259
List the prime factors of 7246628.
2, 1811657
What are the prime factors of 10614703?
11, 964973
What are the prime factors of 2275566?
2, 3, 251, 1511
List the prime factors of 2233728.
2, 3, 7, 277
List the prime factors of 10693247.
10693247
What are the prime factors of 522070?
2, 5, 17, 37, 83
What are the prime factors of 178502?
2, 149, 599
List the prime factors of 133159.
13, 10243
List the prime factors of 2094894.
2, 3, 181, 643
What are the prime factors of 1000280?
2, 5, 17, 1471
List the prime factors of 347017.
11, 31547
What are the prime factors of 736?
2, 23
List the prime factors of 302196.
2, 3, 25183
What are the prime factors of 1145401?
163, 7027
List the prime factors of 107922.
2, 3, 17987
What are the prime factors of 21125315?
5, 1811, 2333
What are the prime factors of 74784?
2, 3, 19, 41
What are the prime factors of 697026?
2, 3, 11, 59, 179
List the prime factors of 312519.
3, 104173
What are the prime factors of 905004?
2, 3, 23, 1093
List the prime factors of 2161607.
7, 308801
What are the prime factors of 11302466?
2, 7, 47, 89, 193
List the prime factors of 993491.
19, 52289
What are the prime factors of 206390?
2, 5, 20639
What are the prime factors of 1058917?
461, 2297
What are the prime factors of 21812840?
2, 5, 7, 31, 359
List the prime factors of 13361422.
2, 17, 392983
List the prime factors of 868012.
2, 217003
List the prime factors of 233851.
233851
What are the prime factors of 13643731?
13643731
List the prime factors of 3303447.
3, 7, 157307
What are the prime factors of 273236?
2, 83, 823
List the prime factors of 202149.
3, 7487
What are the prime factors of 1740189?
3, 11, 52733
What are the prime factors of 2187819?
3, 243091
What are the prime factors of 3825543?
3, 197, 6473
What are the prime factors of 3045285?
3, 5, 31, 37, 59
List the prime factors of 104439.
3, 31, 1123
List the prime factors of 10207537.
10207537
List the prime factors of 3813211.
3813211
What are the prime factors of 2134226?
2, 29, 31, 1187
What are the prime factors of 117450?
2, 3, 5, 29
List the prime factors of 1756367.
31, 53, 1069
List the prime factors of 702647.
11, 5807
List the prime factors of 817368.
2, 3, 34057
What are the prime factors of 3626055?
3, 5, 19, 4241
List the prime factors of 223864.
2, 27983
What are the prime factors of 1624345?
5, 324869
What are the prime factors of 334343?
19, 17597
What are the prime factors of 1054084?
2, 263521
What are the prime factors of 400804?
2, 97, 1033
List the prime factors of 10077002.
2, 13, 387577
List the prime factors of 20446.
2, 10223
What are the prime factors of 5741293?
31, 167, 1109
List the prime factors of 34175845.
5, 11, 56489
What are the prime factors of 12281483?
12281483
List the prime factors of 125690.
2, 5, 12569
What are the prime factors of 20230736?
2, 53, 23857
List the prime factors of 422308.
2, 71, 1487
What are the prime factors of 2695304?
2, 103, 3271
List the prime factors of 1096314.
2, 3, 73, 2503
What are the prime factors of 989799?
3, 29, 31, 367
List the prime factors of 1527931.
1527931
What are the prime factors of 141291?
3, 5233
List the prime factors of 16527517.
139, 118903
List the prime factors of 179925.
3, 5, 2399
List the prime factors of 739687.
13, 17, 3347
List the prime factors of 13782530.
2, 5, 1378253
List the prime factors of 1394429.
19, 79, 929
List the prime factors of 631768.
2, 157, 503
What are the prime factors of 209837?
209837
What are the prime factors of 263225?
5, 10529
List the prime factors of 286525.
5, 73, 157
What are the prime factors of 3094840?
2, 5, 7, 1579
List the prime factors of 1804321.
1804321
List the prime factors of 2837856.
2, 3, 7, 41, 103
What are the prime factors of 324981?
3, 36109
List the prime factors of 158743.
13, 12211
What are the prime factors of 1276004?
2, 319001
List the prime factors of 25372009.
13, 1951693
What are the prime factors of 226867?
29, 7823
What are the prime factors of 4512245?
5, 902449
List the prime factors of 102951.
3, 31, 41
List the prime factors of 471851.
31, 491
List the prime factors of 2854051.
41, 151, 461
List the prime factors of 41152.
2, 643
What are the prime factors of 1887202?
2, 943